CRAN Package Check Results for Package borrowr

Last updated on 2025-07-24 17:49:17 CEST.

Flavor Version Tinstall Tcheck Ttotal Status Flags
r-devel-linux-x86_64-debian-clang 0.2.0 53.49 73.50 126.99 NOTE
r-devel-linux-x86_64-debian-gcc 0.2.0 35.93 54.52 90.45 NOTE
r-devel-linux-x86_64-fedora-clang 0.2.0 230.29 OK
r-devel-linux-x86_64-fedora-gcc 0.2.0 217.49 OK
r-devel-windows-x86_64 0.2.0 60.00 96.00 156.00 OK
r-patched-linux-x86_64 0.2.0 48.36 69.62 117.98 OK
r-release-linux-x86_64 0.2.0 48.93 69.27 118.20 OK
r-release-macos-arm64 0.2.0 66.00 OK
r-release-macos-x86_64 0.2.0 98.00 OK
r-release-windows-x86_64 0.2.0 63.00 96.00 159.00 OK
r-oldrel-macos-arm64 0.2.0 68.00 OK
r-oldrel-macos-x86_64 0.2.0 82.00 OK
r-oldrel-windows-x86_64 0.2.0 74.00 121.00 195.00 OK

Check Details

Version: 0.2.0
Check: CRAN incoming feasibility
Result: NOTE Maintainer: ‘Jeffrey A. Boatman <jeffrey.boatman@gmail.com>’ No Authors@R field in DESCRIPTION. Please add one, modifying Authors@R: c(person(given = c("Jeffrey", "A."), family = "Boatman", role = c("aut", "cre"), email = "jeffrey.boatman@gmail.com"), person(given = c("David", "M."), family = "Vock", role = "aut"), person(given = c("Joseph", "S."), family = "Koopmeiners", role = "aut")) as necessary. Flavors: r-devel-linux-x86_64-debian-clang, r-devel-linux-x86_64-debian-gcc