CRAN Package Check Results for Package batchscr

Last updated on 2025-07-21 17:50:08 CEST.

Flavor Version Tinstall Tcheck Ttotal Status Flags
r-devel-linux-x86_64-debian-clang 0.1.0 1.50 16.34 17.84 NOTE
r-devel-linux-x86_64-debian-gcc 0.1.0 1.38 13.74 15.12 NOTE
r-devel-linux-x86_64-fedora-clang 0.1.0 27.44 OK
r-devel-linux-x86_64-fedora-gcc 0.1.0 26.23 OK
r-devel-windows-x86_64 0.1.0 2.00 32.00 34.00 OK
r-patched-linux-x86_64 0.1.0 1.43 16.12 17.55 OK
r-release-linux-x86_64 0.1.0 1.27 15.41 16.68 OK
r-release-macos-arm64 0.1.0 13.00 OK
r-release-macos-x86_64 0.1.0 21.00 OK
r-release-windows-x86_64 0.1.0 2.00 37.00 39.00 OK
r-oldrel-macos-arm64 0.1.0 15.00 NOTE
r-oldrel-macos-x86_64 0.1.0 19.00 NOTE
r-oldrel-windows-x86_64 0.1.0 2.00 33.00 35.00 NOTE

Check Details

Version: 0.1.0
Check: CRAN incoming feasibility
Result: NOTE Maintainer: ‘Sherry Zhao<sxzhao@gwu.edu>’ No Authors@R field in DESCRIPTION. Please add one, modifying Authors@R: person(given = "Sherry", family = "Zhao", role = c("aut", "cre"), email = "sxzhao@gwu.edu") as necessary. Flavors: r-devel-linux-x86_64-debian-clang, r-devel-linux-x86_64-debian-gcc

Version: 0.1.0
Check: LazyData
Result: NOTE 'LazyData' is specified without a 'data' directory Flavors: r-oldrel-macos-arm64, r-oldrel-macos-x86_64, r-oldrel-windows-x86_64