Last updated on 2025-07-22 23:49:45 CEST.
Flavor | Version | Tinstall | Tcheck | Ttotal | Status | Flags |
---|---|---|---|---|---|---|
r-devel-linux-x86_64-debian-clang | 0.2.0 | 4.64 | 59.30 | 63.94 | OK | |
r-devel-linux-x86_64-debian-gcc | 0.2.0 | 3.97 | 42.32 | 46.29 | OK | |
r-devel-linux-x86_64-fedora-clang | 0.2.0 | 97.77 | OK | |||
r-devel-linux-x86_64-fedora-gcc | 0.2.0 | 98.92 | OK | |||
r-devel-windows-x86_64 | 0.2.0 | 6.00 | 65.00 | 71.00 | OK | |
r-patched-linux-x86_64 | 0.2.0 | 3.92 | 54.91 | 58.83 | OK | |
r-release-linux-x86_64 | 0.2.0 | 4.90 | 53.96 | 58.86 | OK | |
r-release-macos-arm64 | 0.2.0 | 53.00 | OK | |||
r-release-macos-x86_64 | 0.2.0 | 57.00 | OK | |||
r-release-windows-x86_64 | 0.2.0 | 7.00 | 64.00 | 71.00 | OK | |
r-oldrel-macos-arm64 | 0.2.0 | 30.00 | NOTE | |||
r-oldrel-macos-x86_64 | 0.2.0 | 43.00 | NOTE | |||
r-oldrel-windows-x86_64 | 0.2.0 | 8.00 | 80.00 | 88.00 | NOTE |
Version: 0.2.0
Check: LazyData
Result: NOTE
'LazyData' is specified without a 'data' directory
Flavors: r-oldrel-macos-arm64, r-oldrel-macos-x86_64, r-oldrel-windows-x86_64