CRAN Package Check Results for Package aws.iam

Last updated on 2025-07-21 09:49:48 CEST.

Flavor Version Tinstall Tcheck Ttotal Status Flags
r-devel-linux-x86_64-debian-clang 0.1.8 3.58 31.41 34.99 NOTE
r-devel-linux-x86_64-debian-gcc 0.1.8 2.90 25.28 28.18 NOTE
r-devel-linux-x86_64-fedora-clang 0.1.8 54.07 OK
r-devel-linux-x86_64-fedora-gcc 0.1.8 50.38 OK
r-devel-windows-x86_64 0.1.8 7.00 67.00 74.00 OK
r-patched-linux-x86_64 0.1.8 4.25 28.80 33.05 OK
r-release-linux-x86_64 0.1.8 3.67 28.91 32.58 OK
r-release-macos-arm64 0.1.8 40.00 OK
r-release-macos-x86_64 0.1.8 44.00 OK
r-release-windows-x86_64 0.1.8 7.00 68.00 75.00 OK
r-oldrel-macos-arm64 0.1.8 21.00 OK
r-oldrel-macos-x86_64 0.1.8 32.00 OK
r-oldrel-windows-x86_64 0.1.8 8.00 72.00 80.00 OK

Check Details

Version: 0.1.8
Check: CRAN incoming feasibility
Result: NOTE Maintainer: ‘Simon Urbanek <simon.urbanek@R-project.org>’ Package CITATION file contains call(s) to old-style personList() or as.personList(). Please use c() on person objects instead. Package CITATION file contains call(s) to old-style citEntry(). Please use bibentry() instead. Flavors: r-devel-linux-x86_64-debian-clang, r-devel-linux-x86_64-debian-gcc