CRAN Package Check Results for Package astroFns

Last updated on 2025-07-21 09:49:48 CEST.

Flavor Version Tinstall Tcheck Ttotal Status Flags
r-devel-linux-x86_64-debian-clang 4.2-1 2.18 20.44 22.62 NOTE
r-devel-linux-x86_64-debian-gcc 4.2-1 1.56 16.28 17.84 NOTE
r-devel-linux-x86_64-fedora-clang 4.2-1 34.88 OK
r-devel-linux-x86_64-fedora-gcc 4.2-1 32.70 OK
r-devel-windows-x86_64 4.2-1 3.00 39.00 42.00 OK
r-patched-linux-x86_64 4.2-1 2.48 19.26 21.74 OK
r-release-linux-x86_64 4.2-1 1.93 19.16 21.09 OK
r-release-macos-arm64 4.2-1 16.00 OK
r-release-macos-x86_64 4.2-1 25.00 OK
r-release-windows-x86_64 4.2-1 3.00 44.00 47.00 OK
r-oldrel-macos-arm64 4.2-1 20.00 OK
r-oldrel-macos-x86_64 4.2-1 20.00 OK
r-oldrel-windows-x86_64 4.2-1 3.00 39.00 42.00 OK

Check Details

Version: 4.2-1
Check: CRAN incoming feasibility
Result: NOTE Maintainer: ‘Andrew Harris <harris@astro.umd.edu>’ No Authors@R field in DESCRIPTION. Please add one, modifying Authors@R: person(given = "Andrew", family = "Harris", role = c("aut", "cre"), email = "harris@astro.umd.edu") as necessary. Flavors: r-devel-linux-x86_64-debian-clang, r-devel-linux-x86_64-debian-gcc