Last updated on 2025-07-24 17:49:15 CEST.
Flavor | Version | Tinstall | Tcheck | Ttotal | Status | Flags |
---|---|---|---|---|---|---|
r-devel-linux-x86_64-debian-clang | 0.80 | 14.03 | 101.72 | 115.75 | NOTE | |
r-devel-linux-x86_64-debian-gcc | 0.80 | 10.71 | 75.39 | 86.10 | NOTE | |
r-devel-linux-x86_64-fedora-clang | 0.80 | 176.63 | OK | |||
r-devel-linux-x86_64-fedora-gcc | 0.80 | 167.23 | OK | |||
r-devel-windows-x86_64 | 0.80 | 15.00 | 105.00 | 120.00 | OK | |
r-patched-linux-x86_64 | 0.80 | 13.31 | 96.98 | 110.29 | OK | |
r-release-linux-x86_64 | 0.80 | 13.53 | 97.38 | 110.91 | OK | |
r-release-macos-arm64 | 0.80 | 48.00 | OK | |||
r-release-macos-x86_64 | 0.80 | 87.00 | OK | |||
r-release-windows-x86_64 | 0.80 | 15.00 | 106.00 | 121.00 | OK | |
r-oldrel-macos-arm64 | 0.80 | 52.00 | OK | |||
r-oldrel-macos-x86_64 | 0.80 | 68.00 | OK | |||
r-oldrel-windows-x86_64 | 0.80 | 22.00 | 134.00 | 156.00 | OK |
Version: 0.80
Check: CRAN incoming feasibility
Result: NOTE
Maintainer: ‘Josh Pasek <josh@joshpasek.com>’
No Authors@R field in DESCRIPTION.
Please add one, modifying
Authors@R: person(given = "Josh",
family = "Pasek",
role = c("aut", "cre"),
email = "josh@joshpasek.com")
as necessary.
Flavors: r-devel-linux-x86_64-debian-clang, r-devel-linux-x86_64-debian-gcc