Last updated on 2025-07-22 23:49:45 CEST.
Flavor | Version | Tinstall | Tcheck | Ttotal | Status | Flags |
---|---|---|---|---|---|---|
r-devel-linux-x86_64-debian-clang | 0.2.3 | 9.85 | 152.16 | 162.01 | NOTE | |
r-devel-linux-x86_64-debian-gcc | 0.2.3 | 7.43 | 107.33 | 114.76 | NOTE | |
r-devel-linux-x86_64-fedora-clang | 0.2.3 | 245.56 | NOTE | |||
r-devel-linux-x86_64-fedora-gcc | 0.2.3 | 248.81 | NOTE | |||
r-devel-windows-x86_64 | 0.2.3 | 11.00 | 158.00 | 169.00 | NOTE | |
r-patched-linux-x86_64 | 0.2.3 | 9.74 | 140.92 | 150.66 | NOTE | |
r-release-linux-x86_64 | 0.2.3 | 8.15 | 143.22 | 151.37 | NOTE | |
r-release-macos-arm64 | 0.2.3 | 78.00 | NOTE | |||
r-release-macos-x86_64 | 0.2.3 | 143.00 | NOTE | |||
r-release-windows-x86_64 | 0.2.3 | 11.00 | 155.00 | 166.00 | NOTE | |
r-oldrel-macos-arm64 | 0.2.3 | 71.00 | NOTE | |||
r-oldrel-macos-x86_64 | 0.2.3 | 112.00 | NOTE | |||
r-oldrel-windows-x86_64 | 0.2.3 | 15.00 | 195.00 | 210.00 | NOTE |
Version: 0.2.3
Check: Rd files
Result: NOTE
checkRd: (-1) allestimates.Rd:25: Lost braces in \itemize; meant \describe ?
checkRd: (-1) allestimates.Rd:26: Lost braces in \itemize; meant \describe ?
checkRd: (-1) allestimates.Rd:27: Lost braces in \itemize; meant \describe ?
checkRd: (-1) allestimates.Rd:28: Lost braces in \itemize; meant \describe ?
Flavors: r-devel-linux-x86_64-debian-clang, r-devel-linux-x86_64-debian-gcc, r-devel-linux-x86_64-fedora-clang, r-devel-linux-x86_64-fedora-gcc, r-devel-windows-x86_64, r-patched-linux-x86_64, r-release-linux-x86_64, r-release-macos-arm64, r-release-macos-x86_64, r-release-windows-x86_64, r-oldrel-macos-arm64, r-oldrel-macos-x86_64, r-oldrel-windows-x86_64