CRAN Package Check Results for Package YPInterimTesting

Last updated on 2025-07-21 09:50:11 CEST.

Flavor Version Tinstall Tcheck Ttotal Status Flags
r-devel-linux-x86_64-debian-clang 1.0.3 11.36 30.65 42.01 NOTE
r-devel-linux-x86_64-debian-gcc 1.0.3 7.60 23.94 31.54 NOTE
r-devel-linux-x86_64-fedora-clang 1.0.3 68.75 OK
r-devel-linux-x86_64-fedora-gcc 1.0.3 63.41 OK
r-devel-windows-x86_64 1.0.3 14.00 64.00 78.00 OK
r-patched-linux-x86_64 1.0.3 10.03 28.06 38.09 OK
r-release-linux-x86_64 1.0.3 11.39 27.91 39.30 OK
r-release-macos-arm64 1.0.3 24.00 OK
r-release-macos-x86_64 1.0.3 41.00 OK
r-release-windows-x86_64 1.0.3 14.00 67.00 81.00 OK
r-oldrel-macos-arm64 1.0.3 22.00 OK
r-oldrel-macos-x86_64 1.0.3 34.00 OK
r-oldrel-windows-x86_64 1.0.3 16.00 81.00 97.00 OK

Check Details

Version: 1.0.3
Check: CRAN incoming feasibility
Result: NOTE Maintainer: ‘Daewoo Pak <heavyrain.pak@gmail.com>’ No Authors@R field in DESCRIPTION. Please add one, modifying Authors@R: c(person(given = "Daewoo", family = "Pak", role = c("aut", "cre"), email = "heavyrain.pak@gmail.com"), person(given = "Song", family = "Yang", role = "aut")) as necessary. Flavors: r-devel-linux-x86_64-debian-clang, r-devel-linux-x86_64-debian-gcc