Last updated on 2025-07-24 09:50:16 CEST.
Flavor | Version | Tinstall | Tcheck | Ttotal | Status | Flags |
---|---|---|---|---|---|---|
r-devel-linux-x86_64-debian-clang | 1.0.1 | 351.80 | 152.19 | 503.99 | OK | |
r-devel-linux-x86_64-debian-gcc | 1.0.1 | 343.99 | 140.78 | 484.77 | OK | |
r-devel-linux-x86_64-fedora-clang | 1.0.1 | 788.42 | OK | |||
r-devel-linux-x86_64-fedora-gcc | 1.0.1 | 1035.90 | OK | |||
r-devel-windows-x86_64 | 1.0.1 | 407.00 | 198.00 | 605.00 | OK | |
r-patched-linux-x86_64 | 1.0.1 | 432.98 | 184.20 | 617.18 | OK | |
r-release-linux-x86_64 | 1.0.1 | 427.53 | 181.13 | 608.66 | OK | |
r-release-macos-arm64 | 1.0.1 | 195.00 | OK | |||
r-release-macos-x86_64 | 1.0.1 | 314.00 | OK | |||
r-release-windows-x86_64 | 1.0.1 | 396.00 | 199.00 | 595.00 | OK | |
r-oldrel-macos-arm64 | 1.0.1 | 116.00 | NOTE | |||
r-oldrel-macos-x86_64 | 1.0.1 | 139.00 | NOTE | |||
r-oldrel-windows-x86_64 | 1.0.1 | 454.00 | 253.00 | 707.00 | NOTE |
Version: 1.0.1
Check: installed package size
Result: NOTE
installed size is 92.1Mb
sub-directories of 1Mb or more:
data 4.2Mb
libs 87.3Mb
Flavors: r-oldrel-macos-arm64, r-oldrel-macos-x86_64, r-oldrel-windows-x86_64
Version: 1.0.1
Check: for GNU extensions in Makefiles
Result: NOTE
GNU make is a SystemRequirements.
Flavors: r-oldrel-macos-arm64, r-oldrel-macos-x86_64, r-oldrel-windows-x86_64