Last updated on 2025-07-21 17:50:31 CEST.
Flavor | Version | Tinstall | Tcheck | Ttotal | Status | Flags |
---|---|---|---|---|---|---|
r-devel-linux-x86_64-debian-clang | 1.6.1 | 31.39 | 279.59 | 310.98 | OK | |
r-devel-linux-x86_64-debian-gcc | 1.6.1 | 21.96 | 179.41 | 201.37 | OK | |
r-devel-linux-x86_64-fedora-clang | 1.6.1 | ERROR | ||||
r-devel-linux-x86_64-fedora-gcc | 1.6.1 | 486.94 | OK | |||
r-devel-windows-x86_64 | 1.6.1 | 46.00 | 282.00 | 328.00 | OK | |
r-patched-linux-x86_64 | 1.6.1 | 33.41 | 265.78 | 299.19 | OK | |
r-release-linux-x86_64 | 1.6.1 | 31.74 | 264.20 | 295.94 | OK | |
r-release-macos-arm64 | 1.6.1 | 135.00 | OK | |||
r-release-macos-x86_64 | 1.6.1 | 260.00 | OK | |||
r-release-windows-x86_64 | 1.6.1 | 43.00 | 295.00 | 338.00 | OK | |
r-oldrel-macos-arm64 | 1.6.1 | 135.00 | NOTE | |||
r-oldrel-macos-x86_64 | 1.6.1 | 251.00 | NOTE | |||
r-oldrel-windows-x86_64 | 1.6.1 | 51.00 | 382.00 | 433.00 | NOTE |
Version: 1.6.1
Check: tests
Result: ERROR
Running ‘spelling.R’
Running ‘testthat.R’ [99s/107s]
Running the tests in ‘tests/testthat.R’ failed.
Complete output:
> library("testthat")
> library("TreeSearch")
>
> test_check("TreeSearch")
[ FAIL 1 | WARN 0 | SKIP 5 | PASS 7330 ]
══ Skipped tests (5) ═══════════════════════════════════════════════════════════
• On CRAN (4): 'test-Jackknife.R:42:3', 'test-PlotCharacter.R:46:7',
'test-PlotCharacter.R:143:3', 'test-PlotCharacter.R:177:3'
• Sys.getenv("GITHUB_PAT") == "" is TRUE (1): 'test-MaximizeParsimony.R:71:3'
══ Failed tests ════════════════════════════════════════════════════════════════
── Failure ('test-CustomSearch.R:32:3'): Tree can be found ─────────────────────
all.equal(...) is not TRUE
`actual`: FALSE
`expected`: TRUE
[ FAIL 1 | WARN 0 | SKIP 5 | PASS 7330 ]
Deleting unused snapshots:
• PlotCharacter/plotchar-000011110000.svg
• PlotCharacter/plotchar-000011qqqq00.svg
• PlotCharacter/plotchar-011iiqii0011.svg
• PlotCharacter/plotchar-01iii1010101.svg
• PlotCharacter/plotchar-01iiii010101.svg
• PlotCharacter/plotchar-01iiiiii0101.svg
• PlotCharacter/plotchar-023iiqq1ii32.svg
• PlotCharacter/plotchar-023iqqq1ii32.svg
• PlotCharacter/plotchar-10101iiiii01.svg
• PlotCharacter/plotchar-10iiii11iii1.svg
• PlotCharacter/plotchar-1100iiii1100.svg
• PlotCharacter/plotchar-110iiqiii100.svg
• PlotCharacter/plotchar-110iiqqii100.svg
• PlotCharacter/plotchar-11ii1000001i.svg
• PlotCharacter/plotchar-11ii1qqii111.svg
• PlotCharacter/plotchar-11iiii111111.svg
• PlotCharacter/plotchar-11iiiiiii100.svg
• PlotCharacter/plotchar-11iiqqqqii11.svg
• PlotCharacter/plotchar-1234d45baacgttt.svg
• PlotCharacter/plotchar-1iii1111iii1.svg
• PlotCharacter/plotchar-1iiii1iiii1i.svg
• PlotCharacter/plotchar-1qqiiqqii100.svg
• PlotCharacter/plotchar-210210iiiiii.svg
• PlotCharacter/plotchar-210ii100ii21.svg
• PlotCharacter/plotchar-21ii1iiii012.svg
• PlotCharacter/plotchar-21ii3qqii032.svg
• PlotCharacter/plotchar-230iiqq1ii32.svg
• PlotCharacter/plotchar-23ii1iiii032.svg
• PlotCharacter/plotchar-23ii1q1ii023.svg
• PlotCharacter/plotchar-23ii1qqdi0bid01b32.svg
• PlotCharacter/plotchar-23qq1qqqq032.svg
• PlotCharacter/plotchar-320iiqq3ii21.svg
• PlotCharacter/plotchar-i1i1i1ii1i1i.svg
• PlotCharacter/plotchar-iiii1010iiii.svg
• PlotCharacter/plotchar-iiii1111iii1.svg
• PlotCharacter/plotchar-iiii1111iiii.svg
• PlotCharacter/plotchar-iiiiii11iii1.svg
• PlotCharacter/plotchar-iiiiiiii0101.svg
• PlotCharacter/plotchar-iiiiiiiiiiii.svg
• PlotCharacter/plotchar-iiiiiiiqqqqq.svg
• PlotCharacter/plotchar-invar-ambig.svg
• PlotCharacter/plotchar-invariant.svg
• PlotCharacter/plotchar-qqqqiiii1qqq.svg
• PlotCharacter/plotchar-qqqqqqqqqqqq.svg
Error: Test failures
Execution halted
Flavor: r-devel-linux-x86_64-fedora-clang
Version: 1.6.1
Check: installed package size
Result: NOTE
installed size is 6.2Mb
sub-directories of 1Mb or more:
datasets 1.6Mb
doc 1.3Mb
libs 1.6Mb
Flavors: r-oldrel-macos-arm64, r-oldrel-macos-x86_64, r-oldrel-windows-x86_64