CRAN Package Check Results for Package Sofi

Last updated on 2025-07-24 17:49:37 CEST.

Flavor Version Tinstall Tcheck Ttotal Status Flags
r-devel-linux-x86_64-debian-clang 0.16.4.8 4.05 35.60 39.65 NOTE
r-devel-linux-x86_64-debian-gcc 0.16.4.8 2.80 27.57 30.37 NOTE
r-devel-linux-x86_64-fedora-clang 0.16.4.8 57.67 OK
r-devel-linux-x86_64-fedora-gcc 0.16.4.8 54.62 OK
r-devel-windows-x86_64 0.16.4.8 8.00 53.00 61.00 OK
r-patched-linux-x86_64 0.16.4.8 4.02 32.47 36.49 OK
r-release-linux-x86_64 0.16.4.8 3.42 32.58 36.00 OK
r-release-macos-arm64 0.16.4.8 39.00 OK
r-release-macos-x86_64 0.16.4.8 37.00 OK
r-release-windows-x86_64 0.16.4.8 7.00 54.00 61.00 OK
r-oldrel-macos-arm64 0.16.4.8 26.00 OK
r-oldrel-macos-x86_64 0.16.4.8 32.00 OK
r-oldrel-windows-x86_64 0.16.4.8 9.00 62.00 71.00 OK

Check Details

Version: 0.16.4.8
Check: CRAN incoming feasibility
Result: NOTE Maintainer: ‘Jose D. Loera <jose.loera@inegi.org.mx>’ No Authors@R field in DESCRIPTION. Please add one, modifying Authors@R: person(given = c("Jose", "D."), family = "Loera", role = c("aut", "cre"), email = "jose.loera@inegi.org.mx") as necessary. Flavors: r-devel-linux-x86_64-debian-clang, r-devel-linux-x86_64-debian-gcc