CRAN Package Check Results for Package SmarterPoland

Last updated on 2025-07-24 13:49:26 CEST.

Flavor Version Tinstall Tcheck Ttotal Status Flags
r-devel-linux-x86_64-debian-clang 1.8.1 58.35 56.65 115.00 NOTE
r-devel-linux-x86_64-debian-gcc 1.8.1 42.58 39.41 81.99 NOTE
r-devel-linux-x86_64-fedora-clang 1.8.1 176.58 NOTE
r-devel-linux-x86_64-fedora-gcc 1.8.1 173.34 NOTE
r-devel-windows-x86_64 1.8.1 53.00 70.00 123.00 NOTE
r-patched-linux-x86_64 1.8.1 59.43 51.70 111.13 NOTE
r-release-linux-x86_64 1.8.1 55.80 52.06 107.86 NOTE
r-release-macos-arm64 1.8.1 63.00 NOTE
r-release-macos-x86_64 1.8.1 105.00 NOTE
r-release-windows-x86_64 1.8.1 56.00 71.00 127.00 NOTE
r-oldrel-macos-arm64 1.8.1 62.00 NOTE
r-oldrel-macos-x86_64 1.8.1 85.00 NOTE
r-oldrel-windows-x86_64 1.8.1 75.00 82.00 157.00 NOTE

Check Details

Version: 1.8.1
Check: CRAN incoming feasibility
Result: NOTE Maintainer: ‘Przemyslaw Biecek <przemyslaw.biecek@gmail.com>’ No Authors@R field in DESCRIPTION. Please add one, modifying Authors@R: person(given = "Przemyslaw", family = "Biecek", role = c("aut", "cre"), email = "przemyslaw.biecek@gmail.com") as necessary. Flavors: r-devel-linux-x86_64-debian-clang, r-devel-linux-x86_64-debian-gcc

Version: 1.8.1
Check: Rd files
Result: NOTE checkRd: (-1) cities_lon_lat.Rd:6: Lost braces 6 | A subset of world.cities{maps}. Extracted in order to shink number of dependencies. | ^ Flavors: r-devel-linux-x86_64-debian-clang, r-devel-linux-x86_64-debian-gcc, r-devel-linux-x86_64-fedora-clang, r-devel-linux-x86_64-fedora-gcc, r-devel-windows-x86_64, r-patched-linux-x86_64, r-release-linux-x86_64, r-release-macos-arm64, r-release-macos-x86_64, r-release-windows-x86_64, r-oldrel-macos-arm64, r-oldrel-macos-x86_64, r-oldrel-windows-x86_64

Version: 1.8.1
Check: installed package size
Result: NOTE installed size is 5.3Mb sub-directories of 1Mb or more: data 5.1Mb Flavors: r-oldrel-macos-arm64, r-oldrel-macos-x86_64