Last updated on 2025-07-24 17:49:34 CEST.
Flavor | Version | Tinstall | Tcheck | Ttotal | Status | Flags |
---|---|---|---|---|---|---|
r-devel-linux-x86_64-debian-clang | 1.4.4 | 31.65 | 33.37 | 65.02 | NOTE | |
r-devel-linux-x86_64-debian-gcc | 1.4.4 | 21.46 | 25.69 | 47.15 | NOTE | |
r-devel-linux-x86_64-fedora-clang | 1.4.4 | 119.38 | OK | |||
r-devel-linux-x86_64-fedora-gcc | 1.4.4 | 99.98 | OK | |||
r-devel-windows-x86_64 | 1.4.4 | 50.00 | 79.00 | 129.00 | OK | |
r-patched-linux-x86_64 | 1.4.4 | 29.98 | 31.07 | 61.05 | OK | |
r-release-linux-x86_64 | 1.4.4 | 28.65 | 31.03 | 59.68 | OK | |
r-release-macos-arm64 | 1.4.4 | 67.00 | OK | |||
r-release-macos-x86_64 | 1.4.4 | 76.00 | OK | |||
r-release-windows-x86_64 | 1.4.4 | 47.00 | 78.00 | 125.00 | OK | |
r-oldrel-macos-arm64 | 1.4.4 | 54.00 | OK | |||
r-oldrel-macos-x86_64 | 1.4.4 | 75.00 | OK | |||
r-oldrel-windows-x86_64 | 1.4.4 | 47.00 | 86.00 | 133.00 | OK |
Version: 1.4.4
Check: CRAN incoming feasibility
Result: NOTE
Maintainer: ‘Jouni Helske <jouni.helske@iki.fi>’
Found the following (possibly) invalid file URI:
URI: https//cranlogs.r-pkg.org:443/badges/Rlibeemd
From: README.md
Flavors: r-devel-linux-x86_64-debian-clang, r-devel-linux-x86_64-debian-gcc