Last updated on 2025-07-24 04:50:22 CEST.
Flavor | Version | Tinstall | Tcheck | Ttotal | Status | Flags |
---|---|---|---|---|---|---|
r-devel-linux-x86_64-debian-clang | 6.0.1 | 10.28 | 30.20 | 40.48 | OK | |
r-devel-linux-x86_64-debian-gcc | 6.0.1 | 7.55 | 24.36 | 31.91 | OK | |
r-devel-linux-x86_64-fedora-clang | 6.0.1 | 69.66 | NOTE | |||
r-devel-linux-x86_64-fedora-gcc | 6.0.1 | 80.56 | NOTE | |||
r-devel-windows-x86_64 | 6.0.1 | 41.00 | 49.00 | 90.00 | OK | |
r-patched-linux-x86_64 | 6.0.1 | 9.90 | 27.38 | 37.28 | OK | |
r-release-linux-x86_64 | 6.0.1 | 9.87 | 27.53 | 37.40 | OK | |
r-release-macos-arm64 | 6.0.1 | 58.00 | OK | |||
r-release-macos-x86_64 | 6.0.1 | 73.00 | OK | |||
r-release-windows-x86_64 | 6.0.1 | 43.00 | 50.00 | 93.00 | OK | |
r-oldrel-macos-arm64 | 6.0.1 | 45.00 | NOTE | |||
r-oldrel-macos-x86_64 | 6.0.1 | 138.00 | NOTE | |||
r-oldrel-windows-x86_64 | 6.0.1 | 46.00 | 55.00 | 101.00 | NOTE |
Version: 6.0.1
Check: dependencies in R code
Result: NOTE
Namespaces in Imports field not imported from:
‘knitr’ ‘rmarkdown’
All declared Imports should be used.
Flavors: r-devel-linux-x86_64-fedora-clang, r-devel-linux-x86_64-fedora-gcc
Version: 6.0.1
Check: installed package size
Result: NOTE
installed size is 46.6Mb
sub-directories of 1Mb or more:
include 46.5Mb
Flavors: r-oldrel-macos-arm64, r-oldrel-macos-x86_64, r-oldrel-windows-x86_64