Last updated on 2025-07-23 09:51:18 CEST.
Flavor | Version | Tinstall | Tcheck | Ttotal | Status | Flags |
---|---|---|---|---|---|---|
r-devel-linux-x86_64-debian-clang | 0.2.7 | 67.53 | 69.12 | 136.65 | OK | |
r-devel-linux-x86_64-debian-gcc | 0.2.7 | 56.70 | 44.87 | 101.57 | OK | |
r-devel-linux-x86_64-fedora-clang | 0.2.7 | 231.88 | OK | |||
r-devel-linux-x86_64-fedora-gcc | 0.2.7 | 248.55 | OK | |||
r-devel-windows-x86_64 | 0.2.7 | 82.00 | 132.00 | 214.00 | OK | |
r-patched-linux-x86_64 | 0.2.7 | 75.19 | 65.62 | 140.81 | OK | |
r-release-linux-x86_64 | 0.2.7 | 74.85 | 64.45 | 139.30 | OK | |
r-release-macos-arm64 | 0.2.7 | 58.00 | OK | |||
r-release-macos-x86_64 | 0.2.7 | 80.00 | OK | |||
r-release-windows-x86_64 | 0.2.7 | 79.00 | 118.00 | 197.00 | OK | |
r-oldrel-macos-arm64 | 0.2.7 | 68.00 | NOTE | |||
r-oldrel-macos-x86_64 | 0.2.7 | 105.00 | NOTE | |||
r-oldrel-windows-x86_64 | 0.2.7 | 78.00 | 180.00 | 258.00 | OK |
Version: 0.2.7
Check: installed package size
Result: NOTE
installed size is 9.6Mb
sub-directories of 1Mb or more:
libs 9.4Mb
Flavors: r-oldrel-macos-arm64, r-oldrel-macos-x86_64