CRAN Package Check Results for Package PreKnitPostHTMLRender

Last updated on 2025-07-21 13:51:02 CEST.

Flavor Version Tinstall Tcheck Ttotal Status Flags
r-devel-linux-x86_64-debian-clang 0.1.0 2.95 30.12 33.07 NOTE
r-devel-linux-x86_64-debian-gcc 0.1.0 3.01 23.92 26.93 NOTE
r-devel-linux-x86_64-fedora-clang 0.1.0 51.25 OK
r-devel-linux-x86_64-fedora-gcc 0.1.0 50.26 OK
r-devel-windows-x86_64 0.1.0 5.00 48.00 53.00 OK
r-patched-linux-x86_64 0.1.0 3.84 28.78 32.62 OK
r-release-linux-x86_64 0.1.0 3.46 29.12 32.58 OK
r-release-macos-arm64 0.1.0 21.00 OK
r-release-macos-x86_64 0.1.0 32.00 OK
r-release-windows-x86_64 0.1.0 5.00 49.00 54.00 OK
r-oldrel-macos-arm64 0.1.0 21.00 OK
r-oldrel-macos-x86_64 0.1.0 28.00 OK
r-oldrel-windows-x86_64 0.1.0 5.00 55.00 60.00 OK

Check Details

Version: 0.1.0
Check: CRAN incoming feasibility
Result: NOTE Maintainer: ‘Chin Soon Lim <chinsoon12@hotmail.com>’ No Authors@R field in DESCRIPTION. Please add one, modifying Authors@R: person(given = c("Chin", "Soon"), family = "Lim", role = c("aut", "cre"), email = "chinsoon12@hotmail.com") as necessary. The BugReports field in DESCRIPTION has https://github.com/chinsoon12/PreKnitPostHTMLRender which should likely be https://github.com/chinsoon12/PreKnitPostHTMLRender/issues instead. Flavors: r-devel-linux-x86_64-debian-clang, r-devel-linux-x86_64-debian-gcc