CRAN Package Check Results for Package PHENTHAUproc

Last updated on 2025-07-24 09:50:06 CEST.

Flavor Version Tinstall Tcheck Ttotal Status Flags
r-devel-linux-x86_64-debian-clang 1.1 3.48 112.34 115.82 NOTE
r-devel-linux-x86_64-debian-gcc 1.1 2.69 75.84 78.53 NOTE
r-devel-linux-x86_64-fedora-clang 1.1 181.20 NOTE
r-devel-linux-x86_64-fedora-gcc 1.1 190.90 NOTE
r-devel-windows-x86_64 1.1 6.00 116.00 122.00 NOTE
r-patched-linux-x86_64 1.1 2.81 108.47 111.28 NOTE
r-release-linux-x86_64 1.1 3.53 108.17 111.70 NOTE
r-release-macos-arm64 1.1 66.00 NOTE
r-release-macos-x86_64 1.1 139.00 NOTE
r-release-windows-x86_64 1.1 5.00 124.00 129.00 NOTE
r-oldrel-macos-arm64 1.1 67.00 OK
r-oldrel-macos-x86_64 1.1 177.00 OK
r-oldrel-windows-x86_64 1.1 7.00 162.00 169.00 OK

Check Details

Version: 1.1
Check: DESCRIPTION meta-information
Result: NOTE Missing dependency on R >= 4.1.0 because package code uses the pipe |> or function shorthand \(...) syntax added in R 4.1.0. File(s) using such syntax: ‘plot_station_step.R’ Flavors: r-devel-linux-x86_64-debian-clang, r-devel-linux-x86_64-debian-gcc, r-devel-linux-x86_64-fedora-clang, r-devel-linux-x86_64-fedora-gcc, r-devel-windows-x86_64, r-patched-linux-x86_64, r-release-linux-x86_64, r-release-macos-arm64, r-release-macos-x86_64, r-release-windows-x86_64