CRAN Package Check Results for Package OSMscale

Last updated on 2025-07-24 04:50:20 CEST.

Flavor Version Tinstall Tcheck Ttotal Status Flags
r-devel-linux-x86_64-debian-clang 0.5.20 30.61 291.74 322.35 NOTE
r-devel-linux-x86_64-debian-gcc 0.5.20 21.42 188.10 209.52 NOTE
r-devel-linux-x86_64-fedora-clang 0.5.20 504.79 OK
r-devel-linux-x86_64-fedora-gcc 0.5.20 490.68 OK
r-devel-windows-x86_64 0.5.20 28.00 222.00 250.00 NOTE
r-patched-linux-x86_64 0.5.20 30.90 276.02 306.92 NOTE
r-release-linux-x86_64 0.5.20 28.80 277.91 306.71 NOTE
r-release-macos-arm64 0.5.20 107.00 OK
r-release-macos-x86_64 0.5.20 237.00 OK
r-release-windows-x86_64 0.5.20 32.00 224.00 256.00 NOTE
r-oldrel-macos-arm64 0.5.20 101.00 OK
r-oldrel-macos-x86_64 0.5.20 180.00 OK
r-oldrel-windows-x86_64 0.5.20 44.00 321.00 365.00 OK

Check Details

Version: 0.5.20
Check: CRAN incoming feasibility
Result: NOTE Maintainer: ‘Berry Boessenkool <berry-b@gmx.de>’ No Authors@R field in DESCRIPTION. Please add one, modifying Authors@R: person(given = "Berry", family = "Boessenkool", role = c("aut", "cre"), email = "berry-b@gmx.de") as necessary. Flavors: r-devel-linux-x86_64-debian-clang, r-devel-linux-x86_64-debian-gcc

Version: 0.5.20
Check: Rd cross-references
Result: NOTE Found the following Rd file(s) with Rd \link{} targets missing package anchors: equidistPoints.Rd: approx2 pointsMap.Rd: openmap randomPoints.Rd: distance Please provide package anchors for all Rd \link{} targets not in the package itself and the base packages. Flavors: r-devel-linux-x86_64-debian-clang, r-devel-linux-x86_64-debian-gcc, r-devel-windows-x86_64, r-patched-linux-x86_64, r-release-linux-x86_64, r-release-windows-x86_64