CRAN Package Check Results for Package MixSemiRob

Last updated on 2025-07-21 09:49:58 CEST.

Flavor Version Tinstall Tcheck Ttotal Status Flags
r-devel-linux-x86_64-debian-clang 1.1.0 23.49 149.30 172.79 NOTE
r-devel-linux-x86_64-debian-gcc 1.1.0 14.83 100.91 115.74 NOTE
r-devel-linux-x86_64-fedora-clang 1.1.0 268.44 OK
r-devel-linux-x86_64-fedora-gcc 1.1.0 260.78 OK
r-devel-windows-x86_64 1.1.0 21.00 141.00 162.00 NOTE
r-patched-linux-x86_64 1.1.0 24.81 140.24 165.05 NOTE
r-release-linux-x86_64 1.1.0 18.15 139.47 157.62 NOTE
r-release-macos-arm64 1.1.0 67.00 OK
r-release-macos-x86_64 1.1.0 135.00 OK
r-release-windows-x86_64 1.1.0 23.00 139.00 162.00 NOTE
r-oldrel-macos-arm64 1.1.0 68.00 OK
r-oldrel-macos-x86_64 1.1.0 100.00 OK
r-oldrel-windows-x86_64 1.1.0 31.00 190.00 221.00 OK

Check Details

Version: 1.1.0
Check: Rd cross-references
Result: NOTE Found the following Rd file(s) with Rd \link{} targets missing package anchors: kdeem.Rd: ucminf mixregPvary.Rd: regmixEM Please provide package anchors for all Rd \link{} targets not in the package itself and the base packages. Flavors: r-devel-linux-x86_64-debian-clang, r-devel-linux-x86_64-debian-gcc, r-devel-windows-x86_64, r-patched-linux-x86_64, r-release-linux-x86_64, r-release-windows-x86_64