Last updated on 2025-07-22 13:49:18 CEST.
Flavor | Version | Tinstall | Tcheck | Ttotal | Status | Flags |
---|---|---|---|---|---|---|
r-devel-linux-x86_64-debian-clang | 1.0.1 | 3.07 | 31.89 | 34.96 | NOTE | |
r-devel-linux-x86_64-debian-gcc | 1.0.1 | 2.78 | 24.06 | 26.84 | NOTE | |
r-devel-linux-x86_64-fedora-clang | 1.0.1 | 58.57 | NOTE | |||
r-devel-linux-x86_64-fedora-gcc | 1.0.1 | 50.54 | NOTE | |||
r-devel-windows-x86_64 | 1.0.1 | 5.00 | 49.00 | 54.00 | NOTE | |
r-patched-linux-x86_64 | 1.0.1 | 3.48 | 29.31 | 32.79 | NOTE | |
r-release-linux-x86_64 | 1.0.1 | 3.31 | 28.97 | 32.28 | NOTE | |
r-release-macos-arm64 | 1.0.1 | 19.00 | NOTE | |||
r-release-macos-x86_64 | 1.0.1 | 33.00 | NOTE | |||
r-release-windows-x86_64 | 1.0.1 | 5.00 | 50.00 | 55.00 | NOTE | |
r-oldrel-macos-arm64 | 1.0.1 | 20.00 | OK | |||
r-oldrel-macos-x86_64 | 1.0.1 | 33.00 | OK | |||
r-oldrel-windows-x86_64 | 1.0.1 | 6.00 | 57.00 | 63.00 | OK |
Version: 1.0.1
Check: DESCRIPTION meta-information
Result: NOTE
Missing dependency on R >= 4.1.0 because package code uses the pipe
|> or function shorthand \(...) syntax added in R 4.1.0.
File(s) using such syntax:
‘Search.R’ ‘mood.R’
Flavors: r-devel-linux-x86_64-debian-clang, r-devel-linux-x86_64-debian-gcc, r-devel-linux-x86_64-fedora-clang, r-devel-linux-x86_64-fedora-gcc, r-devel-windows-x86_64, r-patched-linux-x86_64, r-release-linux-x86_64, r-release-macos-arm64, r-release-macos-x86_64, r-release-windows-x86_64