CRAN Package Check Results for Package MLmetrics

Last updated on 2025-07-25 17:50:01 CEST.

Flavor Version Tinstall Tcheck Ttotal Status Flags
r-devel-linux-x86_64-debian-clang 1.1.3 1.73 21.20 22.93 OK
r-devel-linux-x86_64-debian-gcc 1.1.3 1.67 17.35 19.02 OK
r-devel-linux-x86_64-fedora-clang 1.1.3 36.08 NOTE
r-devel-linux-x86_64-fedora-gcc 1.1.3 35.00 NOTE
r-devel-windows-x86_64 1.1.3 4.00 56.00 60.00 OK
r-patched-linux-x86_64 1.1.3 1.72 19.68 21.40 OK
r-release-linux-x86_64 1.1.3 1.85 19.67 21.52 OK
r-release-macos-arm64 1.1.3 20.00 OK
r-release-macos-x86_64 1.1.3 26.00 OK
r-release-windows-x86_64 1.1.3 3.00 47.00 50.00 OK
r-oldrel-macos-arm64 1.1.3 16.00 OK
r-oldrel-macos-x86_64 1.1.3 23.00 OK
r-oldrel-windows-x86_64 1.1.3 4.00 53.00 57.00 OK

Check Details

Version: 1.1.3
Check: dependencies in R code
Result: NOTE Namespace in Imports field not imported from: ‘utils’ All declared Imports should be used. Flavors: r-devel-linux-x86_64-fedora-clang, r-devel-linux-x86_64-fedora-gcc