CRAN Package Check Results for Package LPmerge

Last updated on 2025-07-01 04:49:46 CEST.

Flavor Version Tinstall Tcheck Ttotal Status Flags
r-devel-linux-x86_64-debian-clang 1.7 5.68 50.40 56.08 NOTE
r-devel-linux-x86_64-debian-gcc 1.7 5.15 39.06 44.21 NOTE
r-devel-linux-x86_64-fedora-clang 1.7 84.14 OK
r-devel-linux-x86_64-fedora-gcc 1.7 82.77 OK
r-devel-windows-x86_64 1.7 7.00 60.00 67.00 OK
r-patched-linux-x86_64 OK
r-release-linux-x86_64 1.7 5.26 47.63 52.89 OK
r-release-macos-arm64 1.7 35.00 OK
r-release-macos-x86_64 1.7 51.00 OK
r-release-windows-x86_64 1.7 7.00 63.00 70.00 OK
r-oldrel-macos-arm64 1.7 28.00 OK
r-oldrel-macos-x86_64 1.7 40.00 OK
r-oldrel-windows-x86_64 1.7 9.00 74.00 83.00 OK

Check Details

Version: 1.7
Check: CRAN incoming feasibility
Result: NOTE Maintainer: ‘Jeffrey Endelman <endelman@wisc.edu>’ No Authors@R field in DESCRIPTION. Please add one, modifying Authors@R: person(given = "Jeffrey", family = "Endelman", role = c("aut", "cre"), email = "endelman@wisc.edu") as necessary. Package CITATION file contains call(s) to old-style personList() or as.personList(). Please use c() on person objects instead. Package CITATION file contains call(s) to old-style citEntry(). Please use bibentry() instead. Flavors: r-devel-linux-x86_64-debian-clang, r-devel-linux-x86_64-debian-gcc