CRAN Package Check Results for Package KCSNBShiny

Last updated on 2025-07-23 17:50:49 CEST.

Flavor Version Tinstall Tcheck Ttotal Status Flags
r-devel-linux-x86_64-debian-clang 0.1.0 14.18 109.48 123.66 NOTE
r-devel-linux-x86_64-debian-gcc 0.1.0 10.80 76.62 87.42 NOTE
r-devel-linux-x86_64-fedora-clang 0.1.0 188.16 OK
r-devel-linux-x86_64-fedora-gcc 0.1.0 178.77 OK
r-devel-windows-x86_64 0.1.0 14.00 110.00 124.00 OK
r-patched-linux-x86_64 0.1.0 13.86 101.95 115.81 OK
r-release-linux-x86_64 0.1.0 12.24 102.17 114.41 OK
r-release-macos-arm64 0.1.0 50.00 OK
r-release-macos-x86_64 0.1.0 91.00 OK
r-release-windows-x86_64 0.1.0 15.00 113.00 128.00 OK
r-oldrel-macos-arm64 0.1.0 48.00 OK
r-oldrel-macos-x86_64 0.1.0 81.00 OK
r-oldrel-windows-x86_64 0.1.0 19.00 140.00 159.00 OK

Check Details

Version: 0.1.0
Check: CRAN incoming feasibility
Result: NOTE Maintainer: ‘Karne Chaithanya Sai <karnechaithanyasai@gmail.com>’ No Authors@R field in DESCRIPTION. Please add one, modifying Authors@R: person(given = c("Karne", "Chaithanya"), family = "Sai", role = c("aut", "cre"), email = "karnechaithanyasai@gmail.com") as necessary. Flavors: r-devel-linux-x86_64-debian-clang, r-devel-linux-x86_64-debian-gcc