Last updated on 2025-07-21 23:50:41 CEST.
Flavor | Version | Tinstall | Tcheck | Ttotal | Status | Flags |
---|---|---|---|---|---|---|
r-devel-linux-x86_64-debian-clang | 1.3 | 10.94 | 29.78 | 40.72 | NOTE | |
r-devel-linux-x86_64-debian-gcc | 1.3 | 7.44 | 23.95 | 31.39 | NOTE | |
r-devel-linux-x86_64-fedora-clang | 1.3 | 67.28 | OK | |||
r-devel-linux-x86_64-fedora-gcc | 1.3 | 77.06 | OK | |||
r-devel-windows-x86_64 | 1.3 | 14.00 | 64.00 | 78.00 | OK | |
r-patched-linux-x86_64 | 1.3 | 11.28 | 28.17 | 39.45 | OK | |
r-release-linux-x86_64 | 1.3 | 10.80 | 27.96 | 38.76 | OK | |
r-release-macos-arm64 | 1.3 | 31.00 | OK | |||
r-release-macos-x86_64 | 1.3 | 61.00 | OK | |||
r-release-windows-x86_64 | 1.3 | 15.00 | 67.00 | 82.00 | OK | |
r-oldrel-macos-arm64 | 1.3 | 29.00 | OK | |||
r-oldrel-macos-x86_64 | 1.3 | 46.00 | OK | |||
r-oldrel-windows-x86_64 | 1.3 | 15.00 | 76.00 | 91.00 | OK |
Version: 1.3
Check: CRAN incoming feasibility
Result: NOTE
Maintainer: ‘Daniel Greene <dg333@cam.ac.uk>’
No Authors@R field in DESCRIPTION.
Please add one, modifying
Authors@R: person(given = "Daniel",
family = "Greene",
role = c("aut", "cre"),
email = "dg333@cam.ac.uk")
as necessary.
Flavors: r-devel-linux-x86_64-debian-clang, r-devel-linux-x86_64-debian-gcc