Last updated on 2025-07-24 17:49:24 CEST.
Flavor | Version | Tinstall | Tcheck | Ttotal | Status | Flags |
---|---|---|---|---|---|---|
r-devel-linux-x86_64-debian-clang | 0.2.0 | 2.06 | 54.47 | 56.53 | OK | |
r-devel-linux-x86_64-debian-gcc | 0.2.0 | 1.61 | 38.51 | 40.12 | OK | |
r-devel-linux-x86_64-fedora-clang | 0.2.0 | 88.56 | OK | |||
r-devel-linux-x86_64-fedora-gcc | 0.2.0 | 83.78 | OK | |||
r-devel-windows-x86_64 | 0.2.0 | 4.00 | 68.00 | 72.00 | OK | |
r-patched-linux-x86_64 | 0.2.0 | 1.99 | 50.57 | 52.56 | OK | |
r-release-linux-x86_64 | 0.2.0 | 2.03 | 50.36 | 52.39 | OK | |
r-release-macos-arm64 | 0.2.0 | 52.00 | OK | |||
r-release-macos-x86_64 | 0.2.0 | 69.00 | OK | |||
r-release-windows-x86_64 | 0.2.0 | 4.00 | 74.00 | 78.00 | OK | |
r-oldrel-macos-arm64 | 0.2.0 | 37.00 | NOTE | |||
r-oldrel-macos-x86_64 | 0.2.0 | 43.00 | NOTE | |||
r-oldrel-windows-x86_64 | 0.2.0 | 4.00 | 92.00 | 96.00 | NOTE |
Version: 0.2.0
Check: LazyData
Result: NOTE
'LazyData' is specified without a 'data' directory
Flavors: r-oldrel-macos-arm64, r-oldrel-macos-x86_64, r-oldrel-windows-x86_64