CRAN Package Check Results for Package IDF

Last updated on 2025-07-23 17:50:48 CEST.

Flavor Version Tinstall Tcheck Ttotal Status Flags
r-devel-linux-x86_64-debian-clang 2.1.2 7.72 66.36 74.08 NOTE
r-devel-linux-x86_64-debian-gcc 2.1.3 5.11 49.60 54.71 OK
r-devel-linux-x86_64-fedora-clang 2.1.3 118.56 OK
r-devel-linux-x86_64-fedora-gcc 2.1.3 115.19 OK
r-devel-windows-x86_64 2.1.2 8.00 77.00 85.00 NOTE
r-patched-linux-x86_64 2.1.2 8.42 63.45 71.87 NOTE
r-release-linux-x86_64 2.1.2 7.66 62.47 70.13 NOTE
r-release-macos-arm64 2.1.2 35.00 OK
r-release-macos-x86_64 2.1.3 68.00 OK
r-release-windows-x86_64 2.1.3 13.00 78.00 91.00 OK
r-oldrel-macos-arm64 2.1.2 32.00 OK
r-oldrel-macos-x86_64 2.1.3 76.00 OK
r-oldrel-windows-x86_64 2.1.3 14.00 94.00 108.00 OK

Check Details

Version: 2.1.2
Check: CRAN incoming feasibility
Result: NOTE Maintainer: ‘Felix S. Fauer <felix.fauer@met.fu-berlin.de>’ Package CITATION file contains call(s) to old-style citEntry(). Please use bibentry() instead. Flavor: r-devel-linux-x86_64-debian-clang

Version: 2.1.2
Check: Rd cross-references
Result: NOTE Found the following Rd file(s) with Rd \link{} targets missing package anchors: gev.d.fit.Rd: gev.fit gev.d.params.Rd: gev.fit Please provide package anchors for all Rd \link{} targets not in the package itself and the base packages. Flavors: r-devel-linux-x86_64-debian-clang, r-devel-windows-x86_64, r-patched-linux-x86_64, r-release-linux-x86_64