Last updated on 2025-07-22 09:50:34 CEST.
Flavor | Version | Tinstall | Tcheck | Ttotal | Status | Flags |
---|---|---|---|---|---|---|
r-devel-linux-x86_64-debian-clang | 1.0.2 | 7.19 | 64.63 | 71.82 | NOTE | |
r-devel-linux-x86_64-debian-gcc | 1.0.2 | 5.91 | 47.36 | 53.27 | NOTE | |
r-devel-linux-x86_64-fedora-clang | 1.0.2 | 110.68 | OK | |||
r-devel-linux-x86_64-fedora-gcc | 1.0.2 | 116.40 | OK | |||
r-devel-windows-x86_64 | 1.0.2 | 10.00 | 74.00 | 84.00 | OK | |
r-patched-linux-x86_64 | 1.0.2 | 7.07 | 60.47 | 67.54 | OK | |
r-release-linux-x86_64 | 1.0.2 | 7.27 | 60.67 | 67.94 | OK | |
r-release-macos-arm64 | 1.0.2 | 47.00 | OK | |||
r-release-macos-x86_64 | 1.0.2 | 80.00 | OK | |||
r-release-windows-x86_64 | 1.0.2 | 10.00 | 73.00 | 83.00 | OK | |
r-oldrel-macos-arm64 | 1.0.2 | 37.00 | OK | |||
r-oldrel-macos-x86_64 | 1.0.2 | 61.00 | OK | |||
r-oldrel-windows-x86_64 | 1.0.2 | 12.00 | 93.00 | 105.00 | OK |
Version: 1.0.2
Check: CRAN incoming feasibility
Result: NOTE
Maintainer: ‘Wencke Walter <wencke.walter@arcor.de>’
Package CITATION file contains call(s) to old-style personList() or
as.personList(). Please use c() on person objects instead.
Package CITATION file contains call(s) to old-style citEntry(). Please
use bibentry() instead.
Flavors: r-devel-linux-x86_64-debian-clang, r-devel-linux-x86_64-debian-gcc