Last updated on 2025-07-02 23:49:42 CEST.
Flavor | Version | Tinstall | Tcheck | Ttotal | Status | Flags |
---|---|---|---|---|---|---|
r-devel-linux-x86_64-debian-clang | 1.1.1 | 4.81 | 51.62 | 56.43 | NOTE | |
r-devel-linux-x86_64-debian-gcc | 1.1.1 | 3.07 | 35.89 | 38.96 | NOTE | |
r-devel-linux-x86_64-fedora-clang | 1.1.1 | 90.57 | OK | |||
r-devel-linux-x86_64-fedora-gcc | 1.1.1 | 84.78 | OK | |||
r-devel-windows-x86_64 | 1.1.1 | 5.00 | 72.00 | 77.00 | OK | |
r-patched-linux-x86_64 | 1.1.1 | 5.36 | 47.76 | 53.12 | OK | |
r-release-linux-x86_64 | 1.1.1 | 4.64 | 47.80 | 52.44 | OK | |
r-release-macos-arm64 | 1.1.1 | 26.00 | OK | |||
r-release-macos-x86_64 | 1.1.1 | 71.00 | OK | |||
r-release-windows-x86_64 | 1.1.1 | 7.00 | 74.00 | 81.00 | OK | |
r-oldrel-macos-arm64 | 1.1.1 | 30.00 | OK | |||
r-oldrel-macos-x86_64 | 1.1.1 | 65.00 | OK | |||
r-oldrel-windows-x86_64 | 1.1.1 | 8.00 | 90.00 | 98.00 | OK |
Version: 1.1.1
Check: CRAN incoming feasibility
Result: NOTE
Maintainer: ‘Frank Dondelinger <fdondelinger.work@gmail.com>’
No Authors@R field in DESCRIPTION.
Please add one, modifying
Authors@R: c(person(given = "Frank",
family = "Dondelinger",
role = c("aut", "cre"),
email = "fdondelinger.work@gmail.com"),
person(given = "Sophie",
family = "Lebre",
role = "aut"))
as necessary.
Flavors: r-devel-linux-x86_64-debian-clang, r-devel-linux-x86_64-debian-gcc