CRAN Package Check Results for Package DiscreteQvalue

Last updated on 2025-07-22 04:50:01 CEST.

Flavor Version Tinstall Tcheck Ttotal Status Flags
r-devel-linux-x86_64-debian-clang 1.1 1.87 18.92 20.79 OK
r-devel-linux-x86_64-debian-gcc 1.1 1.44 15.68 17.12 OK
r-devel-linux-x86_64-fedora-clang 1.1 33.07 OK
r-devel-linux-x86_64-fedora-gcc 1.1 31.65 OK
r-devel-windows-x86_64 1.1 3.00 38.00 41.00 OK
r-patched-linux-x86_64 1.1 2.07 17.74 19.81 OK
r-release-linux-x86_64 1.1 1.58 17.70 19.28 OK
r-release-macos-arm64 1.1 14.00 OK
r-release-macos-x86_64 1.1 23.00 OK
r-release-windows-x86_64 1.1 3.00 41.00 44.00 OK
r-oldrel-macos-arm64 1.1 15.00 NOTE
r-oldrel-macos-x86_64 1.1 19.00 NOTE
r-oldrel-windows-x86_64 1.1 4.00 44.00 48.00 NOTE

Check Details

Version: 1.1
Check: LazyData
Result: NOTE 'LazyData' is specified without a 'data' directory Flavors: r-oldrel-macos-arm64, r-oldrel-macos-x86_64, r-oldrel-windows-x86_64