CRAN Package Check Results for Package DTMCPack

Last updated on 2025-07-21 17:50:12 CEST.

Flavor Version Tinstall Tcheck Ttotal Status Flags
r-devel-linux-x86_64-debian-clang 0.1-3 1.71 18.94 20.65 NOTE
r-devel-linux-x86_64-debian-gcc 0.1-3 1.40 16.11 17.51 NOTE
r-devel-linux-x86_64-fedora-clang 0.1-3 32.20 OK
r-devel-linux-x86_64-fedora-gcc 0.1-3 31.48 OK
r-devel-windows-x86_64 0.1-3 2.00 39.00 41.00 OK
r-patched-linux-x86_64 0.1-3 1.56 18.01 19.57 OK
r-release-linux-x86_64 0.1-3 1.65 18.06 19.71 OK
r-release-macos-arm64 0.1-3 17.00 OK
r-release-macos-x86_64 0.1-3 23.00 OK
r-release-windows-x86_64 0.1-3 2.00 41.00 43.00 OK
r-oldrel-macos-arm64 0.1-3 15.00 OK
r-oldrel-macos-x86_64 0.1-3 20.00 OK
r-oldrel-windows-x86_64 0.1-3 3.00 40.00 43.00 OK

Check Details

Version: 0.1-3
Check: CRAN incoming feasibility
Result: NOTE Maintainer: ‘William Nicholson<wbnicholson@gmail.com>’ No Authors@R field in DESCRIPTION. Please add one, modifying Authors@R: person(given = "William", family = "Nicholson", role = c("aut", "cre"), email = "wbnicholson@gmail.com") as necessary. Flavors: r-devel-linux-x86_64-debian-clang, r-devel-linux-x86_64-debian-gcc