Last updated on 2025-07-23 14:49:51 CEST.
Flavor | Version | Tinstall | Tcheck | Ttotal | Status | Flags |
---|---|---|---|---|---|---|
r-devel-linux-x86_64-debian-clang | 1.4.0 | 12.44 | 110.39 | 122.83 | NOTE | |
r-devel-linux-x86_64-debian-gcc | 1.4.0 | 8.73 | 76.41 | 85.14 | NOTE | |
r-devel-linux-x86_64-fedora-clang | 1.4.0 | 198.06 | OK | |||
r-devel-linux-x86_64-fedora-gcc | 1.4.0 | 258.39 | OK | |||
r-devel-windows-x86_64 | 1.4.0 | 14.00 | 125.00 | 139.00 | NOTE | |
r-patched-linux-x86_64 | 1.4.0 | 12.54 | 115.48 | 128.02 | NOTE | |
r-release-linux-x86_64 | 1.4.0 | 12.38 | 104.23 | 116.61 | NOTE | |
r-release-macos-arm64 | 1.4.0 | 96.00 | OK | |||
r-release-macos-x86_64 | 1.4.0 | 168.00 | OK | |||
r-release-windows-x86_64 | 1.4.0 | 14.00 | 127.00 | 141.00 | NOTE | |
r-oldrel-macos-arm64 | 1.4.0 | 75.00 | OK | |||
r-oldrel-macos-x86_64 | 1.4.0 | 146.00 | OK | |||
r-oldrel-windows-x86_64 | 1.4.0 | 20.00 | 165.00 | 185.00 | OK |
Version: 1.4.0
Check: Rd cross-references
Result: NOTE
Found the following Rd file(s) with Rd \link{} targets missing package
anchors:
DSLiteConnection-class.Rd: DSConnection-class
DSLiteDriver-class.Rd: DSDriver-class
DSLiteResult-class.Rd: DSResult-class
getDSLiteData.Rd: DSConnection-class
setupCNSIMTest.Rd: datashield.login
setupDASIMTest.Rd: datashield.login
setupDATASETTest.Rd: datashield.login
setupDISCORDANTTest.Rd: datashield.login
setupDSLiteServer.Rd: datashield.login
setupSURVIVALTest.Rd: datashield.login
Please provide package anchors for all Rd \link{} targets not in the
package itself and the base packages.
Flavors: r-devel-linux-x86_64-debian-clang, r-devel-linux-x86_64-debian-gcc, r-devel-windows-x86_64, r-patched-linux-x86_64, r-release-linux-x86_64, r-release-windows-x86_64