Last updated on 2025-07-22 17:50:31 CEST.
Flavor | Version | Tinstall | Tcheck | Ttotal | Status | Flags |
---|---|---|---|---|---|---|
r-devel-linux-x86_64-debian-clang | 0.1.2 | 46.32 | 345.39 | 391.71 | OK | |
r-devel-linux-x86_64-debian-gcc | 0.1.2 | 30.58 | 255.25 | 285.83 | OK | |
r-devel-linux-x86_64-fedora-clang | 0.1.2 | 617.40 | NOTE | |||
r-devel-linux-x86_64-fedora-gcc | 0.1.2 | 621.93 | NOTE | |||
r-devel-windows-x86_64 | 0.1.2 | 47.00 | 292.00 | 339.00 | OK | |
r-patched-linux-x86_64 | 0.1.2 | 38.43 | 332.72 | 371.15 | OK | |
r-release-linux-x86_64 | 0.1.2 | 41.68 | 332.68 | 374.36 | OK | |
r-release-macos-arm64 | 0.1.2 | 147.00 | OK | |||
r-release-macos-x86_64 | 0.1.2 | 294.00 | OK | |||
r-release-windows-x86_64 | 0.1.2 | 48.00 | 293.00 | 341.00 | OK | |
r-oldrel-macos-arm64 | 0.1.2 | 160.00 | OK | |||
r-oldrel-macos-x86_64 | 0.1.2 | 269.00 | OK | |||
r-oldrel-windows-x86_64 | 0.1.2 | 61.00 | 390.00 | 451.00 | OK |
Version: 0.1.2
Check: dependencies in R code
Result: NOTE
Namespace in Imports field not imported from: ‘ggplot2’
All declared Imports should be used.
Flavors: r-devel-linux-x86_64-fedora-clang, r-devel-linux-x86_64-fedora-gcc