CRAN Package Check Results for Package Comp2ROC

Last updated on 2025-07-16 09:51:14 CEST.

Flavor Version Tinstall Tcheck Ttotal Status Flags
r-devel-linux-x86_64-debian-clang 1.1.4 2.81 31.17 33.98 NOTE
r-devel-linux-x86_64-debian-gcc 1.1.4 2.29 23.71 26.00 NOTE
r-devel-linux-x86_64-fedora-clang 1.1.4 51.67 OK
r-devel-linux-x86_64-fedora-gcc 1.1.4 48.13 OK
r-devel-windows-x86_64 1.1.4 5.00 52.00 57.00 OK
r-patched-linux-x86_64 1.1.4 3.23 29.38 32.61 OK
r-release-linux-x86_64 1.1.4 3.10 29.49 32.59 OK
r-release-macos-arm64 1.1.4 23.00 OK
r-release-macos-x86_64 1.1.4 33.00 OK
r-release-windows-x86_64 1.1.4 4.00 62.00 66.00 OK
r-oldrel-macos-arm64 1.1.4 21.00 OK
r-oldrel-macos-x86_64 1.1.4 29.00 OK
r-oldrel-windows-x86_64 1.1.4 5.00 60.00 65.00 OK

Additional issues

donttest

Check Details

Version: 1.1.4
Check: CRAN incoming feasibility
Result: NOTE Maintainer: ‘Ana C. Braga <acb@dps.uminho.pt>’ No Authors@R field in DESCRIPTION. Please add one, modifying Authors@R: c(person(given = c("Ana", "C.", "Braga", "with", "contributions", "from", "Hugo"), family = "Frade", role = "aut"), person(given = "Sara", family = "Carvalho", role = "aut"), person(given = c("Andre", "M."), family = "Santiago", role = "aut"), person(given = c("Ana", "C."), family = "Braga", role = "cre", email = "acb@dps.uminho.pt")) as necessary. Flavors: r-devel-linux-x86_64-debian-clang, r-devel-linux-x86_64-debian-gcc