Last updated on 2025-07-21 09:49:50 CEST.
Flavor | Version | Tinstall | Tcheck | Ttotal | Status | Flags |
---|---|---|---|---|---|---|
r-devel-linux-x86_64-debian-clang | 1.8 | 4.12 | 38.63 | 42.75 | NOTE | |
r-devel-linux-x86_64-debian-gcc | 1.8 | 2.45 | 27.27 | 29.72 | NOTE | |
r-devel-linux-x86_64-fedora-clang | 1.8 | 68.68 | OK | |||
r-devel-linux-x86_64-fedora-gcc | 1.8 | 64.81 | OK | |||
r-devel-windows-x86_64 | 1.8 | 6.00 | 62.00 | 68.00 | OK | |
r-patched-linux-x86_64 | 1.8 | 5.47 | 35.74 | 41.21 | OK | |
r-release-linux-x86_64 | 1.8 | 4.06 | 36.15 | 40.21 | OK | |
r-release-macos-arm64 | 1.8 | 23.00 | OK | |||
r-release-macos-x86_64 | 1.8 | 42.00 | OK | |||
r-release-windows-x86_64 | 1.8 | 6.00 | 62.00 | 68.00 | OK | |
r-oldrel-macos-arm64 | 1.8 | 22.00 | OK | |||
r-oldrel-macos-x86_64 | 1.8 | 32.00 | OK | |||
r-oldrel-windows-x86_64 | 1.8 | 8.00 | 69.00 | 77.00 | OK |
Version: 1.8
Check: CRAN incoming feasibility
Result: NOTE
Maintainer: ‘Andreas Kuehnapfel <andreas.kuehnapfel@imise.uni-leipzig.de>’
No Authors@R field in DESCRIPTION.
Please add one, modifying
Authors@R: person(given = "Andreas",
family = "Kuehnapfel",
role = c("aut", "cre"),
email = "andreas.kuehnapfel@imise.uni-leipzig.de")
as necessary.
Flavors: r-devel-linux-x86_64-debian-clang, r-devel-linux-x86_64-debian-gcc