Last updated on 2025-07-20 23:50:34 CEST.
Flavor | Version | Tinstall | Tcheck | Ttotal | Status | Flags |
---|---|---|---|---|---|---|
r-devel-linux-x86_64-debian-clang | 0.1.8 | 24.79 | 225.42 | 250.21 | NOTE | |
r-devel-linux-x86_64-debian-gcc | 0.1.8 | 17.67 | 142.11 | 159.78 | NOTE | |
r-devel-linux-x86_64-fedora-clang | 0.1.8 | 408.14 | NOTE | |||
r-devel-linux-x86_64-fedora-gcc | 0.1.8 | 392.57 | NOTE | |||
r-devel-windows-x86_64 | 0.1.8 | 29.00 | 221.00 | 250.00 | NOTE | |
r-patched-linux-x86_64 | 0.1.8 | 27.18 | 210.13 | 237.31 | NOTE | |
r-release-linux-x86_64 | 0.1.8 | 24.04 | 212.97 | 237.01 | NOTE | |
r-release-macos-arm64 | 0.1.8 | 101.00 | NOTE | |||
r-release-macos-x86_64 | 0.1.8 | 212.00 | NOTE | |||
r-release-windows-x86_64 | 0.1.8 | 28.00 | 230.00 | 258.00 | NOTE | |
r-oldrel-macos-arm64 | 0.1.8 | 98.00 | NOTE | |||
r-oldrel-macos-x86_64 | 0.1.8 | 153.00 | NOTE | |||
r-oldrel-windows-x86_64 | 0.1.8 | 37.00 | 309.00 | 346.00 | NOTE |
Version: 0.1.8
Check: Rd files
Result: NOTE
checkRd: (-1) DE.Rd:43: Lost braces in \itemize; meant \describe ?
checkRd: (-1) DE.Rd:44: Lost braces in \itemize; meant \describe ?
checkRd: (-1) DE.Rd:45: Lost braces in \itemize; meant \describe ?
checkRd: (-1) DE.Rd:46: Lost braces in \itemize; meant \describe ?
checkRd: (-1) DEzs.Rd:58: Lost braces in \itemize; meant \describe ?
checkRd: (-1) DEzs.Rd:59: Lost braces in \itemize; meant \describe ?
checkRd: (-1) DEzs.Rd:60: Lost braces in \itemize; meant \describe ?
checkRd: (-1) DEzs.Rd:61: Lost braces in \itemize; meant \describe ?
Flavors: r-devel-linux-x86_64-debian-clang, r-devel-linux-x86_64-debian-gcc, r-devel-linux-x86_64-fedora-clang, r-devel-linux-x86_64-fedora-gcc, r-devel-windows-x86_64, r-patched-linux-x86_64, r-release-linux-x86_64, r-release-macos-arm64, r-release-macos-x86_64, r-release-windows-x86_64, r-oldrel-macos-arm64, r-oldrel-macos-x86_64, r-oldrel-windows-x86_64