Last updated on 2025-07-24 13:49:09 CEST.
Flavor | Version | Tinstall | Tcheck | Ttotal | Status | Flags |
---|---|---|---|---|---|---|
r-devel-linux-x86_64-debian-clang | 2.2 | 101.73 | 146.67 | 248.40 | NOTE | |
r-devel-linux-x86_64-debian-gcc | 2.2 | 72.23 | 104.01 | 176.24 | NOTE | |
r-devel-linux-x86_64-fedora-clang | 2.2 | 416.32 | NOTE | |||
r-devel-linux-x86_64-fedora-gcc | 2.2 | 421.85 | NOTE | |||
r-devel-windows-x86_64 | 2.2 | 110.00 | 176.00 | 286.00 | NOTE | |
r-patched-linux-x86_64 | 2.2 | 105.18 | 132.24 | 237.42 | NOTE | |
r-release-linux-x86_64 | 2.2 | 100.77 | 131.85 | 232.62 | NOTE | |
r-release-macos-arm64 | 2.2 | 141.00 | NOTE | |||
r-release-macos-x86_64 | 2.2 | 217.00 | NOTE | |||
r-release-windows-x86_64 | 2.2 | 109.00 | 181.00 | 290.00 | NOTE | |
r-oldrel-macos-arm64 | 2.2 | 114.00 | NOTE | |||
r-oldrel-macos-x86_64 | 2.2 | 176.00 | NOTE | |||
r-oldrel-windows-x86_64 | 2.2 | 134.00 | 227.00 | 361.00 | NOTE |
Version: 2.2
Check: C++ specification
Result: NOTE
Specified C++11: please drop specification unless essential
Flavors: r-devel-linux-x86_64-debian-clang, r-devel-linux-x86_64-debian-gcc, r-devel-linux-x86_64-fedora-clang, r-devel-linux-x86_64-fedora-gcc, r-devel-windows-x86_64, r-patched-linux-x86_64, r-release-linux-x86_64, r-release-macos-arm64, r-release-macos-x86_64, r-release-windows-x86_64, r-oldrel-macos-arm64, r-oldrel-macos-x86_64, r-oldrel-windows-x86_64
Version: 2.2
Check: installed package size
Result: NOTE
installed size is 8.1Mb
sub-directories of 1Mb or more:
libs 7.5Mb
Flavors: r-oldrel-macos-arm64, r-oldrel-macos-x86_64