CRAN Package Check Results for Package BSPADATA

Last updated on 2025-07-22 23:49:46 CEST.

Flavor Version Tinstall Tcheck Ttotal Status Flags
r-devel-linux-x86_64-debian-clang 1.1.0 8.88 81.88 90.76 NOTE
r-devel-linux-x86_64-debian-gcc 1.1.0 7.27 60.68 67.95 NOTE
r-devel-linux-x86_64-fedora-clang 1.1.0 145.08 OK
r-devel-linux-x86_64-fedora-gcc 1.1.0 144.11 OK
r-devel-windows-x86_64 1.1.0 10.00 90.00 100.00 OK
r-patched-linux-x86_64 1.1.0 8.62 78.73 87.35 OK
r-release-linux-x86_64 1.1.0 8.16 79.26 87.42 OK
r-release-macos-arm64 1.1.0 49.00 OK
r-release-macos-x86_64 1.1.0 86.00 OK
r-release-windows-x86_64 1.1.0 11.00 107.00 118.00 OK
r-oldrel-macos-arm64 1.1.0 37.00 OK
r-oldrel-macos-x86_64 1.1.0 62.00 OK
r-oldrel-windows-x86_64 1.1.0 14.00 121.00 135.00 OK

Check Details

Version: 1.1.0
Check: CRAN incoming feasibility
Result: NOTE Maintainer: ‘Jorge Sicacha-Parada <jasicachap@unal.edu.co>’ No Authors@R field in DESCRIPTION. Please add one, modifying Authors@R: c(person(given = "Jorge", family = "Sicacha-Parada", role = c("aut", "cre"), email = "jasicachap@unal.edu.co"), person(given = "Edilberto", family = "Cepeda-Cuervo", role = "aut")) as necessary. Flavors: r-devel-linux-x86_64-debian-clang, r-devel-linux-x86_64-debian-gcc