CRAN Package Check Results for Package AppliedPredictiveModeling

Last updated on 2025-07-25 13:50:14 CEST.

Flavor Version Tinstall Tcheck Ttotal Status Flags
r-devel-linux-x86_64-debian-clang 1.1-7 4.05 43.86 47.91 NOTE
r-devel-linux-x86_64-debian-gcc 1.1-7 3.14 32.93 36.07 NOTE
r-devel-linux-x86_64-fedora-clang 1.1-7 73.85 OK
r-devel-linux-x86_64-fedora-gcc 1.1-7 68.08 OK
r-devel-windows-x86_64 1.1-7 7.00 64.00 71.00 OK
r-patched-linux-x86_64 1.1-7 4.18 40.29 44.47 OK
r-release-linux-x86_64 1.1-7 3.22 40.34 43.56 OK
r-release-macos-arm64 1.1-7 32.00 OK
r-release-macos-x86_64 1.1-7 46.00 OK
r-release-windows-x86_64 1.1-7 6.00 64.00 70.00 OK
r-oldrel-macos-arm64 1.1-7 25.00 OK
r-oldrel-macos-x86_64 1.1-7 37.00 OK
r-oldrel-windows-x86_64 1.1-7 7.00 75.00 82.00 OK

Check Details

Version: 1.1-7
Check: CRAN incoming feasibility
Result: NOTE Maintainer: ‘Max Kuhn <mxkuhn@gmail.com>’ No Authors@R field in DESCRIPTION. Please add one, modifying Authors@R: c(person(given = "Max", family = "Kuhn", role = c("aut", "cre"), email = "mxkuhn@gmail.com"), person(given = "Kjell", family = "Johnson", role = "aut")) as necessary. Flavors: r-devel-linux-x86_64-debian-clang, r-devel-linux-x86_64-debian-gcc