Last updated on 2024-05-13 04:55:44 CEST.
Flavor | Version | Tinstall | Tcheck | Ttotal | Status | Flags |
---|---|---|---|---|---|---|
r-devel-linux-x86_64-debian-clang | 0.4.0 | 11.97 | 89.63 | 101.60 | OK | |
r-devel-linux-x86_64-debian-gcc | 0.4.0 | 7.66 | 65.48 | 73.14 | OK | |
r-devel-linux-x86_64-fedora-clang | 0.4.0 | 121.67 | OK | |||
r-devel-linux-x86_64-fedora-gcc | 0.4.0 | 171.80 | OK | |||
r-devel-windows-x86_64 | 0.4.0 | 10.00 | 80.00 | 90.00 | OK | |
r-patched-linux-x86_64 | 0.4.0 | 7.83 | 84.95 | 92.78 | OK | |
r-release-linux-x86_64 | 0.4.0 | 7.12 | 84.23 | 91.35 | OK | |
r-release-macos-arm64 | 0.4.0 | 40.00 | OK | |||
r-release-windows-x86_64 | 0.4.0 | 11.00 | 78.00 | 89.00 | OK | |
r-oldrel-macos-arm64 | 0.4.0 | 39.00 | OK | |||
r-oldrel-macos-x86_64 | 0.4.0 | 62.00 | NOTE | |||
r-oldrel-windows-x86_64 | 0.4.0 | 13.00 | 92.00 | 105.00 | OK |
Version: 0.4.0
Check: package dependencies
Result: NOTE
Package suggested but not available for checking: ‘nlmixr2’
Flavor: r-oldrel-macos-x86_64