Last updated on 2024-05-21 13:52:53 CEST.
Flavor | Version | Tinstall | Tcheck | Ttotal | Status | Flags |
---|---|---|---|---|---|---|
r-devel-linux-x86_64-debian-clang | 0.5.1 | 50.14 | 644.08 | 694.22 | NOTE | |
r-devel-linux-x86_64-debian-gcc | 0.5.1 | 35.61 | 458.91 | 494.52 | NOTE | |
r-devel-linux-x86_64-fedora-clang | 0.5.1 | 1175.12 | NOTE | |||
r-devel-linux-x86_64-fedora-gcc | 0.5.1 | 1181.41 | NOTE | |||
r-devel-windows-x86_64 | 0.5.1 | 47.00 | 410.00 | 457.00 | NOTE | |
r-patched-linux-x86_64 | 0.5.1 | 35.21 | 636.05 | 671.26 | OK | |
r-release-linux-x86_64 | 0.5.1 | 32.18 | 624.16 | 656.34 | OK | |
r-release-macos-arm64 | 0.5.1 | 179.00 | OK | |||
r-release-windows-x86_64 | 0.5.1 | 45.00 | 417.00 | 462.00 | OK | |
r-oldrel-macos-arm64 | 0.5.1 | 171.00 | OK | |||
r-oldrel-macos-x86_64 | 0.5.1 | 440.00 | OK | |||
r-oldrel-windows-x86_64 | 0.5.1 | 60.00 | 532.00 | 592.00 | OK |
Version: 0.5.1
Check: compiled code
Result: NOTE
File ‘spatialsample/libs/spatialsample.so’:
Found non-API calls to R: ‘SETLENGTH’, ‘SET_TRUELENGTH’
Compiled code should not call non-API entry points in R.
See ‘Writing portable packages’ in the ‘Writing R Extensions’ manual.
Flavors: r-devel-linux-x86_64-debian-clang, r-devel-linux-x86_64-debian-gcc, r-devel-linux-x86_64-fedora-clang, r-devel-linux-x86_64-fedora-gcc
Version: 0.5.1
Check: compiled code
Result: NOTE
File 'spatialsample/libs/x64/spatialsample.dll':
Found non-API calls to R: 'SETLENGTH', 'SET_TRUELENGTH'
Compiled code should not call non-API entry points in R.
See 'Writing portable packages' in the 'Writing R Extensions' manual.
Flavor: r-devel-windows-x86_64