Last updated on 2024-06-08 04:49:28 CEST.
Flavor | Version | Tinstall | Tcheck | Ttotal | Status | Flags |
---|---|---|---|---|---|---|
r-devel-linux-x86_64-debian-clang | 3.9.4 | 3.28 | 212.58 | 215.86 | OK | |
r-devel-linux-x86_64-debian-gcc | 3.9.4 | 3.32 | 155.13 | 158.45 | OK | |
r-devel-linux-x86_64-fedora-clang | 3.9.4 | 274.87 | NOTE | |||
r-devel-linux-x86_64-fedora-gcc | 3.9.4 | 261.44 | NOTE | |||
r-devel-windows-x86_64 | 3.9.4 | 5.00 | 297.00 | 302.00 | OK | |
r-patched-linux-x86_64 | 3.9.4 | 3.70 | 201.60 | 205.30 | OK | |
r-release-linux-x86_64 | 3.9.4 | 2.46 | 199.19 | 201.65 | OK | |
r-release-macos-arm64 | 3.9.4 | 163.00 | OK | |||
r-release-macos-x86_64 | 3.9.4 | 264.00 | OK | |||
r-release-windows-x86_64 | 3.9.4 | 6.00 | 289.00 | 295.00 | OK | |
r-oldrel-macos-arm64 | 3.9.4 | 216.00 | OK | |||
r-oldrel-macos-x86_64 | 3.9.4 | 333.00 | OK | |||
r-oldrel-windows-x86_64 | 3.9.4 | 7.00 | 364.00 | 371.00 | OK |
Version: 3.9.4
Check: dependencies in R code
Result: NOTE
Namespace in Imports field not imported from: ‘backports’
All declared Imports should be used.
Flavors: r-devel-linux-x86_64-fedora-clang, r-devel-linux-x86_64-fedora-gcc