Last updated on 2024-05-21 17:50:01 CEST.
Flavor | Version | Tinstall | Tcheck | Ttotal | Status | Flags |
---|---|---|---|---|---|---|
r-devel-linux-x86_64-debian-clang | 1.0.3 | 381.53 | 118.90 | 500.43 | OK | |
r-devel-linux-x86_64-debian-gcc | 1.0.3 | 233.38 | 87.14 | 320.52 | OK | |
r-devel-linux-x86_64-fedora-clang | 1.0.3 | 711.02 | OK | |||
r-devel-linux-x86_64-fedora-gcc | 1.0.3 | 736.05 | OK | |||
r-devel-windows-x86_64 | 1.0.3 | 268.00 | 137.00 | 405.00 | OK | |
r-patched-linux-x86_64 | 1.0.3 | 258.47 | 110.73 | 369.20 | OK | |
r-release-linux-x86_64 | 1.0.3 | 270.55 | 111.15 | 381.70 | OK | |
r-release-macos-arm64 | 1.0.3 | 121.00 | NOTE | |||
r-release-windows-x86_64 | 1.0.3 | 265.00 | 139.00 | 404.00 | OK | |
r-oldrel-macos-arm64 | 1.0.3 | 136.00 | NOTE | |||
r-oldrel-macos-x86_64 | 1.0.3 | 189.00 | NOTE | |||
r-oldrel-windows-x86_64 | 1.0.3 | 333.00 | 164.00 | 497.00 | OK |
Version: 1.0.3
Check: installed package size
Result: NOTE
installed size is 10.5Mb
sub-directories of 1Mb or more:
libs 9.5Mb
Flavors: r-release-macos-arm64, r-oldrel-macos-arm64, r-oldrel-macos-x86_64