Last updated on 2024-05-13 09:50:37 CEST.
Flavor | Version | Tinstall | Tcheck | Ttotal | Status | Flags |
---|---|---|---|---|---|---|
r-devel-linux-x86_64-debian-clang | 2.1.2.0 | 50.73 | 311.37 | 362.10 | OK | |
r-devel-linux-x86_64-debian-gcc | 2.1.2.0 | 39.52 | 227.67 | 267.19 | OK | |
r-devel-linux-x86_64-fedora-clang | 2.1.2.0 | 454.29 | NOTE | |||
r-devel-linux-x86_64-fedora-gcc | 2.1.2.0 | 607.15 | OK | |||
r-devel-windows-x86_64 | 2.1.2.0 | 33.00 | 224.00 | 257.00 | NOTE | |
r-patched-linux-x86_64 | 2.1.2.0 | 46.66 | 295.76 | 342.42 | OK | |
r-release-linux-x86_64 | 2.1.2.0 | 36.05 | 288.95 | 325.00 | OK | |
r-release-macos-arm64 | 2.1.2.0 | 121.00 | NOTE | |||
r-release-macos-x86_64 | 2.1.2.0 | 291.00 | NOTE | |||
r-release-windows-x86_64 | 2.1.2.0 | 32.00 | 224.00 | 256.00 | NOTE | |
r-oldrel-macos-arm64 | 2.1.2.0 | 118.00 | NOTE | |||
r-oldrel-macos-x86_64 | 2.1.2.0 | 305.00 | NOTE | |||
r-oldrel-windows-x86_64 | 2.1.2.0 | 43.00 | 295.00 | 338.00 | NOTE |
Version: 2.1.2.0
Check: installed package size
Result: NOTE
installed size is 5.3Mb
sub-directories of 1Mb or more:
data 3.7Mb
doc 1.0Mb
Flavors: r-devel-linux-x86_64-fedora-clang, r-devel-windows-x86_64, r-release-macos-arm64, r-release-macos-x86_64, r-release-windows-x86_64, r-oldrel-macos-arm64, r-oldrel-macos-x86_64, r-oldrel-windows-x86_64