Last updated on 2024-05-21 13:52:44 CEST.
Flavor | Version | Tinstall | Tcheck | Ttotal | Status | Flags |
---|---|---|---|---|---|---|
r-devel-linux-x86_64-debian-clang | 1.0.2 | 45.74 | 387.77 | 433.51 | OK | |
r-devel-linux-x86_64-debian-gcc | 1.0.2 | 32.58 | 267.41 | 299.99 | OK | |
r-devel-linux-x86_64-fedora-clang | 1.0.2 | 515.36 | NOTE | |||
r-devel-linux-x86_64-fedora-gcc | 1.0.2 | 489.85 | NOTE | |||
r-devel-windows-x86_64 | 1.0.2 | 32.00 | 225.00 | 257.00 | OK | |
r-patched-linux-x86_64 | 1.0.2 | 30.36 | 367.48 | 397.84 | OK | |
r-release-linux-x86_64 | 1.0.2 | 25.05 | 365.49 | 390.54 | OK | |
r-release-macos-arm64 | 1.0.2 | 130.00 | OK | |||
r-release-windows-x86_64 | 1.0.2 | 31.00 | 228.00 | 259.00 | OK | |
r-oldrel-macos-arm64 | 1.0.2 | 145.00 | NOTE | |||
r-oldrel-macos-x86_64 | 1.0.2 | 223.00 | NOTE | |||
r-oldrel-windows-x86_64 | 1.0.2 | 43.00 | 301.00 | 344.00 | OK |
Version: 1.0.2
Check: package dependencies
Result: NOTE
Package suggested but not available for checking: ‘BiocCheck’
Flavors: r-devel-linux-x86_64-fedora-clang, r-devel-linux-x86_64-fedora-gcc, r-oldrel-macos-arm64, r-oldrel-macos-x86_64
Version: 1.0.2
Check: data for non-ASCII characters
Result: NOTE
Note: found 41 marked UTF-8 strings
Flavors: r-devel-linux-x86_64-fedora-clang, r-devel-linux-x86_64-fedora-gcc